e y(12).
-113
Let n(x) = 2*x**3 + 278*x**2 - 7*x - 964. What is n(-139)?
9
Let d(p) = -32*p**2 - 858*p + 159. What is d(-27)?
-3
Let m(c) = 10*c**3 + 80*c**2 + c. Give m(-8).
-8
Let h(z) = -15*z**2 - 42*z - 86. Determine h(-2).
-62
Let q(s) = -82*s**3 + 6*s**2 + 3*s - 2. What is q(-1)?
83
Let o(n) = 17*n - 568. What is o(-10)?
-738
Let y(h) = 7*h**2 + 129*h - 385. Determine y(-21).
-7
Let x(p) = -p**2 - 23*p - 70. Give x(-15).
50
Let z(k) = -297*k + 2079. What is z(7)?
0
Let p(f) = -f**3 - 19*f**2 - 524*f - 12984. What is p(-22)?
-4
Let m(a) = 42*a**2 + 56*a + 57. Give m(-1).
43
Let k(d) = -10*d - 818. Determine k(-80).
-18
Let b(a) = 56*a + 584. Determine b(-10).
24
Let l(u) = -u**3 - 5*u**2 + 71*u - 11. Give l(-6).
-401
Let u(r) = -r**2 - 36*r + 10. Determine u(-37).
-27
Let n(d) = 187*d - 20491. What is n(110)?
79
Let x(n) = 1393*n + 55721. What is x(-40)?
1
Let m(t) = -5*t**2 - 108*t - 291. Give m(-20).
-131
Let j(g) = g**3 - 11*g**2 - 57*g - 144. Calculate j(15).
-99
Let l(p) = -p**3 + 13*p**2 + 248*p - 3196. Determine l(16).
4
Let l(y) = -17*y**2 + 469*y - 2849. What is l(9)?
-5
Let p(m) = -20*m - 293. Determine p(-12).
-53
Let a(d) = 345*d - 1577. What is a(5)?
148
Let p(o) = 156*o + 1055. Give p(-9).
-349
Let p(y) = -y**2 - 32*y + 6. Calculate p(-31).
37
Let j(w) = 2*w**2 - 47*w + 223. Determine j(9).
-38
Let v(y) = -2*y**3 + 70*y**2 + 235*y - 282. Give v(38).
-16
Let r(z) = 2*z + 277. Calculate r(23).
323
Let q(j) = 296*j + 152. Give q(-2).
-440
Let u(h) = -11*h**3 - 165*h**2 + h + 24. Give u(-15).
9
Let n(s) = s**3 + 13*s**2 - 19*s - 377. What is n(-12)?
-5
Let x(c) = c**2 + 3*c - 120. Determine x(11).
34
Let t(g) = 4*g**2 + g + 5. What is t(3)?
44
Let f(p) = -p**2 - 33*p + 91. Calculate f(-36).
-17
Let f(q) = 16*q**2 - 15*q + 3. What is f(3)?
102
Let y(r) = -r**3 + 32*r**2 - 32*r + 45. Give y(31).
14
Let u(s) = -326*s + 273. Determine u(1).
-53
Let j(w) = 26*w + 811. Determine j(-21).
265
Let q(l) = 2*l**3 - 128*l**2 + 11*l - 719. Give q(64).
-15
Let j(o) = -32*o**2 - 63*o - 5. Determine j(-2).
-7
Let c(w) = 98*w + 577. Give c(-6).
-11
Let k(r) = -2*r**2 - 261*r - 8353. Give k(-56).
-9
Let u(b) = -b**3 - 3*b**2 + 10*b - 21. Calculate u(4).
-93
Let y(o) = -27*o. What is y(-4)?
108
Let i(a) = -2*a**2 - 60*a - 146. Calculate i(-28).
-34
Let l(o) = -300*o - 879. What is l(-3)?
21
Let f(j) = 36*j - 224. Calculate f(21).
532
Let x(k) = -k**3 + 42*k**2 - 71*k - 415. What is x(40)?
-55
Let m(w) = 2*w**2 - 83*w - 1483. What is m(55)?
2
Let h(l) = 4*l + 297. Determine h(29).
413
Let z(y) = -6*y**3 - 77*y**2 - 209*y - 7. What is z(-4)?
-19
Let i(o) = 6*o**2 + 22*o + 16. Give i(-2).
-4
Let c(v) = -1040*v + 2063. Determine c(2).
-17
Let o(u) = -u**3 + 25*u**2 + 41*u + 347. Determine o(27).
-4
Let j(m) = -m**3 - 30*m**2 + 28*m - 75. Give j(-31).
18
Let r(h) = -h**2 + 25*h + 131. Give r(28).
47
Let v(m) = 2*m**2 + 6315*m - 37960. Determine v(6).
2
Let z(u) = -3*u**3 - 8*u**2 - 8*u + 17. Calculate z(-4).
113
Let w(g) = 3*g**3 - 99*g**2 + 149*g - 1692. Calculate w(32).
4
Let h(d) = 3*d - 7. Give h(5).
8
Let u(h) = -14*h**2 + 198*h - 7. Determine u(14).
21
Let c(d) = 2*d**3 + 146*d**2 - 3*d - 308. Determine c(-73).
-89
Let z(a) = 19*a**2 + 378*a - 28. Determine z(-20).
12
Let t(a) = 5*a**2 - 37*a - 3. Give t(8).
21
Let h(f) = -2*f**3 - 22*f**2 - 53*f + 37. What is h(-7)?
16
Let d(v) = -v**3 + 40*v**2 - v + 83. Determine d(40).
43
Let h(l) = l**3 + 55*l**2 - 47*l + 488. Give h(-56).
-16
Let i(u) = 49*u + 3383. Calculate i(-70).
-47
Let g(w) = -2*w**3 + 130*w**2 - 71. What is g(65)?
-71
Let s(f) = -1451*f - 21767. Determine s(-15).
-2
Let a(w) = 126*w**3 + 3*w**2 + 3*w + 1. What is a(-1)?
-125
Let d(k) = k**2 - 1073*k + 21060. What is d(20)?
0
Let k(h) = h**3 - 12*h**2 - 6*h + 8. What is k(12)?
-64
Let l(v) = 183*v + 2200. Give l(-12).
4
Let y(k) = k**3 + 129*k**2 - 671*k + 7. Determine y(5).
2
Let z(w) = 6*w**3 - 34*w**2 - 10*w - 37. Calculate z(6).
-25
Let l(s) = -65*s + 4836. Give l(77).
-169
Let r(j) = -8*j + 278. Give r(34).
6
Let b(f) = -f**3 - 34*f**2 + 20*f - 516. Calculate b(-35).
9
Let p(l) = -18*l + 32. Give p(4).
-40
Let y(p) = -p**2 - 233*p + 3735. Give y(-248).
15
Let z(l) = -l**2 + 49*l + 40. Give z(50).
-10
Let q(g) = 6*g**3 - 14*g**2 + 19*g - 4. What is q(1)?
7
Let j(d) = -3692*d - 40619. Determine j(-11).
-7
Let r(a) = 4*a**2 - 53*a - 43. Give r(11).
-142
Let s(w) = 2*w**2 + 54*w + 353. What is s(-16)?
1
Let m(x) = x**3 + 2*x**2 - 248*x - 106. What is m(15)?
-1
Let g(m) = 890*m + 897. What is g(-1)?
7
Let d(m) = -49*m + 403. What is d(8)?
11
Let s(o) = -o**3 + 16*o**2 + 4*o - 274. Determine s(15).
11
Let q(y) = 61*y + 934. Give q(-14).
80
Let y(w) = 282*w + 638. Give y(-2).
74
Let x(k) = -2*k - 110. What is x(5)?
-120
Let g(z) = 66*z - 372. Determine g(6).
24
Let f(z) = 3*z**3 + 45*z**2 + z + 8. Calculate f(-15).
-7
Let l(z) = -z**3 - 5*z**2 + 5*z - 30. Give l(-5).
-55
Let z(f) = -f**3 - 31*f**2 - 42*f - 1113. Calculate z(-31).
189
Let r(x) = 17*x + 159. Give r(-4).
91
Let w(o) = -268*o**2 - 4*o. What is w(-1)?
-264
Let k(m) = 94*m**2 - 3757*m - 114. Determine k(40).
6
Let m(a) = -3*a**3 - 62*a**2 + 10*a - 160. What is m(-21)?
71
Let q(c) = -186*c + 3355. Determine q(18).
7
Let t(c) = c**2 + 3*c - 211. Give t(12).
-31
Let v(l) = 93*l - 1680. Give v(19).
87
Let i(d) = -2*d**2 - 51*d + 52. What is i(-27)?
-29
Let v(h) = -h**3 - 8*h**2 - 5*h + 21. What is v(-7)?
7
Let x(s) = -s**3 - 14*s**2 + 11*s + 179. Calculate x(-12).
-241
Let i(q) = 7*q - 249. Give i(19).
-116
Let h(b) = -3*b - 21. Calculate h(6).
-39
Let d(p) = -11*p**3 + 9*p**2 - 18*p + 1. Give d(3).
-269
Let m(g) = g**2 - 1236*g + 3707. Give m(3).
8
Let f(q) = -q**3 + 13*q**2 + 6*q + 19. Calculate f(0).
19
Let b(k) = 292*k - 10217. What is b(35)?
3
Let r(h) = -h**2 - 19*h - 53. Give r(-16).
-5
Let p(w) = -22*w + 134. Determine p(11).
-108
Let c(a) = 79*a + 395. Give c(-5).
0
Let r(o) = -7810*o - 31243. What is r(-4)?
-3
Let j(t) = -4*t**3 + 7*t**2 - 16*t + 23. Calculate j(3).
-70
Let s(r) = -r**3 + 11*r**2 + 46*r - 51. Determine s(14).
5
Let s(i) = -i**2 + 34*i - 71. Determine s(39).
-266
Let a(m) = -26*m + 369. Determine a(15).
-21
Let m(r) = -r**2 - 70*r + 1092. Give m(0).
1092
Let o(c) = 2*c**3 - 138*c**2 - 437*c + 366. Give o(72).
6
Let x(u) = -u**2 + 25*u + 635. What is x(-16)?
-21
Let x(h) = h**3 + 47*h**2 + 44*h - 97. Determine x(-46).
-5
Let q(c) = c**2 + 51*c - 11118. Determine q(83).
4
Let j(x) = -x**3 - 82*x**2 - 372*x + 1002. Give j(-77).
1
Let k(x) = x**2 + 13*x - 332. Give k(-26).
6
Let x(o) = -37*o + 416. Give x(11).
9
Let s(f) = 143*f - 6432. What is s(45)?
3
Let y(m) = -2*m**3 + 29*m**2 - 75*m - 31. What is y(10)?
119
Let u(b) = -2*b**3 + 137*b**2 - 179*b - 1470. Give u(67).
4
Let r(p) = -5*p**2 - 156*p + 1128. Give r(6).
12
Let x(d) = 27*d - 327. Determine x(7).
-138
Let w(h) = h**2 + 14*h + 207. Determine w(-34).
887
Let r(s) = -114*s + 572. Give r(5).
2
Let t(x) = x**3 - 13*x**2 + 38*x - 186. Determine t(11).
-10
Let g(f) = 9*f**2 - 173*f - 148. Give g(20).
-8
Let u(r) = -9148*r - 109769. What is u(-12)?
7
Let r(s) = 3*s**2 + 417*s + 2764. Determine r(-132).
-8
Let n(z) = 9*z**3 - 11*z**2 - 34*z - 28. Calculate n(-2).
-76
Let l(j) = -5501*j + 22026. What is l(4)?
22
Let o(y) = -27*y**2 - 7*y + 23. What is o(2)?
-99
Let c(j) = -31*j - 2037. Calculate c(-33).
-1014
Let o(c) = 3*c**2 - 28*c - 4. Determine o(4).
-68
Let v(o) = 3*o + 387. Determine v(15).
432
Let g(b) = 2*b**2 + 71*b - 210. What is g(3)?
21
Let o(t) = t**3 - 10*t**2 - 97*t + 848. Calculate o(7).
22
Let k(u) = 43*u + 1339. What is k(-31)?
6
Let x(o) = 2*o**3 - 2*o + 2. Calculate x(0).
2
Let g(i) = 248*i - 1972. What is g(8)?
12
Let s(v) = -v**3 + 2*v**2 + 50*v + 13. Give s(8).
29
Let l(i) = -6*i**2 - 249*i + 1063. Calculate l(4).
-29
Let l(k) = k**2 + 12*k - 87. What is l(-14)?
-59
Let f(d) = -202*d - 20. What is f(0)?
-20
Let m(r) = -199*r + 1068. Determine m(5).
73
Let j(x) = 22*x + 33. What is j(-13)?
-253
Let c(p) = -316*p + 3485. What is c(11)?
9
Let l(m) = -916*m - 8247. Give l(-9).
-3
Let w(x) = -1716*x + 1713. Determine w(1).
-3
Let s(j) = -62*j + 617. Determine s(10).
-3
Let a(d) = -2*d**2 + 43*d - 71. What is a(0)?
-71
Let q(x) = -167*x + 8706. Give q(52).
22
Let n(d) = -86*d - 121. W